In base 4, what is -1230113 + 12?
-1230101
In base 2, what is 100101100100000011 - -1000?
100101100100001011
In base 11, what is 22 + 9a92?
a004
In base 2, what is 11 - 110101111?
-110101100
In base 12, what is 8b5 - 61?
854
In base 5, what is 11011412 - 1?
11011411
In base 2, what is -1010101100101000101 - 0?
-1010101100101000101
In base 9, what is 421323 + 5?
421328
In base 10, what is 4138 - 5?
4133
In base 6, what is 3120121 + 0?
3120121
In base 14, what is -789 + -252?
-9db
In base 16, what is 1ef - -1d7f?
1f6e
In base 3, what is -11100 - -2002111?
1221011
In base 3, what is -1120020111 - 20?
-1120020201
In base 9, what is 730563 - 4?
730558
In base 14, what is 75c7 + 54?
763b
In base 11, what is 8 + 535?
542
In base 8, what is -132 - -366?
234
In base 6, what is -450112 - 4?
-450120
In base 4, what is 10020100 + -2?
10020032
In base 6, what is 111 + -4415?
-4304
In base 8, what is -667642 - -7?
-667633
In base 6, what is 3 + 132334?
132341
In base 16, what is -11bff1 - 5?
-11bff6
In base 7, what is 1234 - 30355?
-26121
In base 9, what is 37540 - -5?
37545
In base 16, what is -2 + -760a?
-760c
In base 3, what is -2112112211 - 22?
-2112120010
In base 13, what is 2 + c49?
c4b
In base 13, what is 7 - 151a?
-1513
In base 12, what is -1baa7 - 2?
-1baa9
In base 16, what is 184 - 5a?
12a
In base 14, what is -33b4 - 14?
-33c8
In base 14, what is 7 + 166ba?
166c3
In base 5, what is -141 - -330?
134
In base 13, what is -3a70 + -3?
-3a73
In base 4, what is 1102 - 2322?
-1220
In base 7, what is 0 - -12246?
12246
In base 10, what is 2 + 632223?
632225
In base 5, what is -332 - -4303123?
4302241
In base 13, what is 7c12c + 5?
7c134
In base 5, what is -1230 + 32241?
31011
In base 6, what is 4 - 33113224?
-33113220
In base 5, what is -3430 - 113?
-4043
In base 14, what is 3 - -123b7?
123ba
In base 4, what is 122 - -100013322?
100020110
In base 4, what is -3 + 1131321?
1131312
In base 11, what is -1a5 - 1140?
-1335
In base 7, what is -2 + -1100563?
-1100565
In base 2, what is 100010 - -101100000?
110000010
In base 6, what is 4315 - 1221?
3054
In base 5, what is -341 - -443?
102
In base 15, what is 5 - 3440?
-343a
In base 5, what is -10 - -41003?
40443
In base 8, what is -10 - 13463?
-13473
In base 12, what is ab81 - -1?
ab82
In base 2, what is -100 + -1011011010111?
-1011011011011
In base 5, what is -14431 + 220204?
200223
In base 3, what is 200120122 + -11?
200120111
In base 8, what is 212030 + -15?
212013
In base 4, what is -11 - 122103300?
-122103311
In base 6, what is 245 + 441001?
441250
In base 8, what is -32442 - -5?
-32435
In base 10, what is -48 + 8178?
8130
In base 4, what is 201231 + 100112?
302003
In base 5, what is -402 - 1114242?
-1120144
In base 13, what is 33ca - -2?
33cc
In base 3, what is -10102012 - 1120?
-10110202
In base 8, what is -5 - -13354?
13347
In base 3, what is 1111 - 101102220?
-101101102
In base 12, what is -18 + 43319?
43301
In base 13, what is -6 - -6293?
628a
In base 10, what is 113 - -67?
180
In base 12, what is -1b - 5a32?
-5a51
In base 15, what is -5 + e517d?
e5178
In base 11, what is 209a + 19?
2108
In base 9, what is -225368 + 24?
-225344
In base 7, what is 1101 - -135452?
136553
In base 11, what is -77775 + 1?
-77774
In base 11, what is -317 + 29?
-299
In base 5, what is -14201431 - 1?
-14201432
In base 7, what is -435020 + 12?
-435005
In base 13, what is -100 + -404c?
-414c
In base 12, what is 6 + -1a1640?
-1a1636
In base 11, what is -71a439 + -4?
-71a442
In base 5, what is 123 - -424221?
424344
In base 15, what is -2dd18 + -4?
-2dd1c
In base 5, what is -102 + 143402?
143300
In base 6, what is -15 - -132305?
132250
In base 13, what is 644a - -8a?
6507
In base 14, what is -6 + -17ba?
-17c2
In base 13, what is 0 - -6c22?
6c22
In base 4, what is -2030 + 2221113?
2213023
In base 7, what is 0 - 1512645?
-1512645
In base 10, what is 119 + -34?
85
In base 5, what is 121104213 - -10?
121104223
In base 2, what is -101010 - -1100101011?
1100000001
In base 15, what is 5281 + 3c?
52bd
In base 14, what is 141c8 - 24?
141a4
In base 5, what is 24014 + -101?
23413
In base 3, what is -210201002 - 10?
-210201012
In base 12, what is 2a - 2785b?
-27831
In base 15, what is -e + 7572?
7563
In base 16, what is -23 - 5f8?
-61b
In base 9, what is 3323 + 1?
3324
In base 14, what is -8ab5 - 1?
-8ab6
In base 13, what is -46c339 - -3?
-46c336
In base 5, what is -20310341 - -30?
-20310311
In base 10, what is -11266 - -16?
-11250
In base 5, what is 3 + -1012103?
-1012100
In base 7, what is -266025 - 4?
-266032
In base 16, what is -32abf - -1?
-32abe
In base 9, what is 10603 + 137?
10741
In base 13, what is -361 - -4b?
-313
In base 2, what is -10101011010 + -1101?
-10101100111
In base 9, what is 0 + -4636?
-4636
In base 15, what is -58e2 - -88?
-5859
In base 13, what is -3 - -3786?
3783
In base 6, what is 41124 + 12?
41140
In base 8, what is 23531 - -51?
23602
In base 9, what is 18564 + 1?
18565
In base 11, what is -259800 + 5?
-2597a6
In base 10, what is -5 + 34650?
34645
In base 14, what is 2 - -6559?
655b
In base 12, what is -266 - 26?
-290
In base 13, what is -7 - 3b353?
-3b35a
In base 13, what is -440 + 4?
-439
In base 14, what is 478770 + -4?
47876a
In base 16, what is -1627 - -2f?
-15f8
In base 2, what is -110 + -11110101001?
-11110101111
In base 13, what is -35b + 19?
-342
In base 3, what is 12 - 20122110001?
-20122102212
In base 6, what is 53 + 2344?
2441
In base 12, what is 226 + 2250?
2476
In base 3, what is 202202210201 + -12?
202202210112
In base 14, what is 12ac - 14c?
1160
In base 16, what is 53 + -b4a?
-af7
In base 2, what is -1 + -10100001111010?
-10100001111011
In base 12, what is 3a50 - -333?
4183
In base 3, what is -11 + -10122?
-10210
In base 16, what is 83 - -2b3?
336
In base 16, what is 5f - 120?
-c1
In base 6, what is -2121 + -10?
-2131
In base 10, what is -7 + -11532?
-11539
In base 4, what is -3303022 + 320?
-3302102
In base 4, what is -1120 - 13313120?
-13320300
In base 14, what is -41 - 4451?
-4492
In base 9, what is -34543 + 3?
-34540
In base 15, what is -d + -ecb?
-ed9
In base 10, what is 722 + -812?
-90
In base 5, what is 320030 - -4?
320034
In base 15, what is -19ed - -4?
-19e9
In base 2, what is 111 - 1001111010110011?
-1001111010101100
In base 12, what is -4742 - 104?
-4846
In base 12, what is 45b - 34?
427
In base 3, what is 0 - 121120112?
-121120112
In base 13, what is -a4 + -2?
-a6
In base 15, what is -5 + -284d4?
-284d9
In base 2, what is 101 + 110010010001001?
110010010001110
In base 12, what is -6 - -18909?
18903
In base 13, what is -b - -8979?
896b
In base 7, what is -303 + 216?
-54
In base 9, what is -8131 - 31?
-8162
In base 15, what is ad67 + -3?
ad64
In base 6, what is -351104 - 1?
-351105
In base 8, what is -2716127 + -4?
-2716133
In base 5, what is 4 - -221231143?
221231202
In base 5, what is 20 - -2430?
3000
In base 3, what is 2101202102110 - -12?
2101202102122
In base 12, what is 6ab + -55?
656
In base 3, what is 212212220210 - 20?
212212220120
In base 5, what is -10 - -2023044?
2023034
In base 11, what is -39a16 - -4a?
-39977
In base 8, what is 1 + -141245?
-141244
In base 8, what is 75 + -3435?
-3340
In base 11, what is -21824a + 4?
-218246
In base 8, what is 125753 - 0?
125753
In base 14, what is -605 + 11ab?
9a6
In base 14, what is -b27c - -22?
-b25a
In base 8, what is -67417 - -21?
-67376
In base 10, what is 16744 - -7?
16751
In base 13, what is -32 - 1a20?
-1a52
In base 8, what is -70 - -671?
601
In base 7, what is 421020 - 22?
420665
In base 6, what is -1033 + -253?
-1330
In base 14, what is 57 - 5d?
-6
In base 16, what is 3 + -1620d?
-1620a
In base 10, what is -4 - -1199?
1195
In base 12, what is -44145 + 8?
-44139
In base 3, what is 12010211 - 12?
12010122
In base 3, what is 120221121 + -101?
120221020
In base 14, what is -1062 + 6?
-105a
In base 3, what is 11201022011 + 11?
11201022022
In base 15, what is -39 - 305?
-33e
In base 5, what is 2011042 + 1?
2011043
In base 4, what is 10 + -32213231?
-32213221
In base 11, what is -10772 + 2?
-10770
In base 4, what is -30132321 - 23?
-30133010
In base 3, what is -12002121 - 200?
-12010021
In base 2, what is 100 + -11111000110101?
-11111000110001
In base 8, what is 2 + -12074?
-12072
In base 4, what is 3112 + -1032130?
-1023012
In base 15, w